{"version":"1.0","provider_name":"R&amp;U","provider_url":"https:\/\/ru.law\/en","author_name":"Marco Rogert","author_url":"https:\/\/ru.law\/en\/author\/rogertru-law\/","title":"Abgasskandal bei Daimler - Kaum noch ein Mercedes ohne R\u00fcckruf!","type":"rich","width":600,"height":338,"html":"<blockquote class=\"wp-embedded-content\" data-secret=\"8Kbw3AwiJu\"><a href=\"https:\/\/ru.law\/en\/abgasskandal-daimler-mercedes-rueckruf\/\">Emissions scandal at Daimler \u2013 Hardly a Mercedes without a recall!<\/a><\/blockquote><iframe sandbox=\"allow-scripts\" security=\"restricted\" src=\"https:\/\/ru.law\/en\/abgasskandal-daimler-mercedes-rueckruf\/embed\/#?secret=8Kbw3AwiJu\" width=\"600\" height=\"338\" title=\"\u201cDieselgate scandal at Daimler \u2013 Hardly a Mercedes without a recall!\u201d \u2014 R&amp;U\" data-secret=\"8Kbw3AwiJu\" frameborder=\"0\" marginwidth=\"0\" marginheight=\"0\" scrolling=\"no\" class=\"wp-embedded-content\"><\/iframe><script>\n\/*! This file is auto-generated *\/\n!function(d,l){\"use strict\";l.querySelector&&d.addEventListener&&\"undefined\"!=typeof URL&&(d.wp=d.wp||{},d.wp.receiveEmbedMessage||(d.wp.receiveEmbedMessage=function(e){var t=e.data;if((t||t.secret||t.message||t.value)&&!\/[^a-zA-Z0-9]\/.test(t.secret)){for(var s,r,n,a=l.querySelectorAll('iframe[data-secret=\"'+t.secret+'\"]'),o=l.querySelectorAll('blockquote[data-secret=\"'+t.secret+'\"]'),c=new RegExp(\"^https?:$\",\"i\"),i=0;i<o.length;i++)o[i].style.display=\"none\";for(i=0;i<a.length;i++)s=a[i],e.source===s.contentWindow&&(s.removeAttribute(\"style\"),\"height\"===t.message?(1e3<(r=parseInt(t.value,10))?r=1e3:~~r<200&&(r=200),s.height=r):\"link\"===t.message&&(r=new URL(s.getAttribute(\"src\")),n=new URL(t.value),c.test(n.protocol))&&n.host===r.host&&l.activeElement===s&&(d.top.location.href=t.value))}},d.addEventListener(\"message\",d.wp.receiveEmbedMessage,!1),l.addEventListener(\"DOMContentLoaded\",function(){for(var e,t,s=l.querySelectorAll(\"iframe.wp-embedded-content\"),r=0;r<s.length;r++)(t=(e=s[r]).getAttribute(\"data-secret\"))||(t=Math.random().toString(36).substring(2,12),e.src+=\"#?secret=\"+t,e.setAttribute(\"data-secret\",t)),e.contentWindow.postMessage({message:\"ready\",secret:t},\"*\")},!1)))}(window,document);\n<\/script>","thumbnail_url":"https:\/\/ru.law\/wp-content\/uploads\/2020\/10\/daimler-rueckruf-mercedes-software-update.jpg","thumbnail_width":1200,"thumbnail_height":675,"description":"Die R\u00fcckrufwelle bei Daimler ebbt nicht ab! Immer mehr Merecdes Modelle werden zur\u00fcckgerufen. Alle Informationen zu den Daimler R\u00fcckrufen."}

Abgasskandal bei Daimler - Kaum noch ein Mercedes ohne Rückruf!

Die Rückrufwelle bei Daimler ebbt nicht ab! Immer mehr Merecdes Modelle werden zurückgerufen. Alle Informationen zu den Daimler Rückrufen.
